16994.
18
What is the greatest common divisor of 12100 and 317016975?
3025
Calculate the highest common factor of 2064 and 832656.
48
Calculate the greatest common divisor of 7644 and 9170889.
1911
What is the greatest common divisor of 22545 and 287865?
45
Calculate the highest common factor of 223728 and 91956.
948
What is the greatest common divisor of 24 and 75845256?
24
What is the highest common factor of 3166610 and 20?
10
Calculate the greatest common divisor of 7833283 and 14958.
277
What is the highest common factor of 119048 and 2461?
23
What is the greatest common factor of 1120 and 11528384?
224
Calculate the greatest common factor of 124741996 and 692.
692
Calculate the greatest common factor of 222738784 and 64.
32
Calculate the highest common divisor of 358527899 and 232.
29
What is the highest common divisor of 100 and 3362300?
100
Calculate the highest common factor of 482 and 67778.
2
What is the greatest common factor of 6 and 90863067?
3
What is the highest common factor of 4524 and 1465428?
348
Calculate the highest common factor of 5688 and 5749896.
24
What is the highest common divisor of 555 and 229525?
5
Calculate the greatest common factor of 620 and 1602820.
20
Calculate the greatest common factor of 140 and 18363100.
140
Calculate the greatest common divisor of 4935 and 6279105.
105
What is the greatest common factor of 3311 and 7444891?
43
Calculate the greatest common divisor of 672719054 and 190.
38
Calculate the greatest common divisor of 217080 and 74169.
1809
Calculate the greatest common divisor of 30 and 36530520.
30
Calculate the greatest common factor of 4155804 and 34704.
8676
Calculate the greatest common factor of 7 and 40544483.
7
What is the highest common divisor of 4894 and 146?
2
Calculate the highest common divisor of 2247 and 14897931.
321
What is the highest common factor of 35370 and 33021?
27
What is the greatest common factor of 1343060 and 490?
10
What is the highest common factor of 63422784 and 324?
108
Calculate the greatest common divisor of 2868655 and 10.
5
Calculate the highest common divisor of 161 and 70178221.
23
Calculate the highest common factor of 3561768 and 420.
84
What is the greatest common factor of 8250 and 2026500?
750
Calculate the highest common divisor of 34880154 and 4842.
1614
Calculate the greatest common divisor of 28798 and 5555396.
2618
What is the greatest common divisor of 713 and 98831?
23
Calculate the greatest common divisor of 164586 and 354.
6
What is the highest common factor of 287160941 and 7724?
1931
Calculate the highest common factor of 6256 and 75463.
391
Calculate the highest common divisor of 421651 and 11849.
289
What is the highest common divisor of 122328 and 256?
8
What is the highest common divisor of 92498175 and 675?
225
Calculate the greatest common divisor of 94880877 and 2841.
2841
What is the highest common divisor of 29176 and 51268?
28
What is the highest common factor of 130691 and 16?
1
Calculate the greatest common divisor of 1852 and 8068.
4
What is the highest common factor of 3720810 and 27156?
438
What is the highest common factor of 646750752 and 144?
48
What is the greatest common divisor of 30133512 and 244?
244
Calculate the highest common factor of 1247128 and 728.
8
Calculate the greatest common factor of 337271 and 1584.
11
Calculate the greatest common divisor of 155454 and 10218.
78
What is the highest common factor of 12732 and 41770?
2
Calculate the greatest common divisor of 248968764 and 18.
18
What is the highest common factor of 7923 and 11325164?
139
What is the greatest common divisor of 146720 and 180208?
112
Calculate the highest common divisor of 49769094 and 114.
114
What is the greatest common factor of 11582608 and 32?
16
What is the highest common divisor of 40 and 29090220?
20
What is the greatest common divisor of 114 and 37295860?
38
Calculate the highest common divisor of 23706 and 205794.
54
Calculate the greatest common divisor of 42035695 and 76760.
9595
What is the greatest common divisor of 29 and 6551918351?
29
What is the greatest common factor of 13541864 and 21?
7
Calculate the greatest common factor of 1543402 and 194236.
98
What is the greatest common factor of 998 and 322646414?
998
Calculate the greatest common divisor of 117 and 2980737.
9
Calculate the highest common factor of 97802 and 19189.
619
Calculate the greatest common divisor of 84668400 and 4055.
4055
What is the greatest common factor of 45 and 42320385?
45
Calculate the greatest common factor of 24125816 and 2002.
286
Calculate the highest common divisor of 32088 and 91772444.
764
Calculate the greatest common divisor of 6554047 and 7201.
379
Calculate the highest common factor of 6190 and 348970.
10
Calculate the greatest common divisor of 8302063 and 27811.
959
Calculate the highest common factor of 181599 and 2211.
33
What is the highest common divisor of 126722016 and 27?
27
What is the greatest common factor of 38566520 and 1880?
40
Calculate the highest common divisor of 1851540 and 432.
12
Calculate the highest common factor of 2556 and 10734660.
36
What is the highest common factor of 574987 and 7945?
7
What is the highest common factor of 57367285 and 628895?
8615
Calculate the highest common divisor of 235 and 38458690.
235
What is the highest common divisor of 1337441 and 31892?
119
Calculate the highest common factor of 2545362 and 3690.
738
What is the highest common factor of 53810 and 4450?
10
What is the highest common divisor of 19402160 and 3480?
1160
Calculate the highest common divisor of 734 and 15214719.
367
What is the greatest common divisor of 39 and 243516598?
13
What is the greatest common divisor of 277505 and 310?
5
What is the greatest common divisor of 13794 and 66571098?
1254
What is the highest common factor of 418110 and 24465?
105
Calculate the highest common factor of 951 and 37247817.
951
What is the highest common divisor of 11264 and 3941424?
16
What is the highest common divisor of 35727301 and 309?
103
Calculate the highest common factor of 234792 and 38664.
216
What is the highest common divisor of 7783257 and 66366?
3687
Calculate the greatest common factor of 33734050 and 140.
70
What is the greatest common divisor of 1035 and 68894223?
69
What is the highest common divisor of 16863 and 12514901?
511
Calculate the highest common divisor of 225 and 20949750.
225
Calculate the greatest common factor of 5365 and 16858495.
185
Calculate the highest common divisor of 57 and 5819784.
3
Calculate the greatest common factor of 3880 and 4128902.
194
Calculate the greatest common divisor of 2 and 32898871.
1
What is the highest common factor of 4775 and 536901?
191
What is the highest common factor of 2975589716 and 2596?
2596
Calculate the highest common factor of 279724 and 74.
2
Calculate the greatest common factor of 1265 and 1879905.
115
What is the greatest common factor of 387608 and 7462?
26
What is the greatest common divisor of 33462 and 939302?
338
Calculate the highest common divisor of 29853 and 2988617.
3317
Calculate the highest common divisor of 144 and 63549081.
9
What is the greatest common divisor of 20 and 84756580?
20
Calculate the greatest common factor of 14046548 and 684.
76
Calculate the greatest common factor of 105084 and 44480.
556
Calculate the highest common factor of 137596 and 297824.
164
What is the greatest common factor of 19288599 and 914?
457
What is the highest common factor of 297 and 255906057?
33
Calculate the highest common factor of 184349409 and 10683.
3561
What is the greatest common factor of 16 and 14619896?
8
Calculate the highest common factor of 185544027 and 17739.
5913
What is the greatest common divisor of 143600512 and 176?
176
What is the highest common divisor of 414 and 19183518?
414
What is the greatest common divisor of 1072 and 4696432?
1072
What is the greatest common divisor of 423324 and 6116?
44
What is the highest common divisor of 34328 and 81368?
56
Calculate the highest common divisor of 1171 and 146092789.
1171
What is the highest common factor of 62458 and 784652?
374
Calculate the greatest common divisor of 380 and 4154615.
5
What is the highest common factor of 3287 and 1368437?
19
Calculate the greatest common d